tors of 48/(-36)*-201*17?
2, 17, 67
Suppose 2*s = 8*p - 11*p + 12, 0 = -2*s + p + 12. Let v(r) = 6*r**3 - r**2 + 5*r + 1. List the prime factors of v(s).
1291
List the prime factors of (-6)/78 - (-600798)/39.
3, 5, 13, 79
Suppose 0 = -6*u + 7388 - 788. Suppose 2*l - 739 = -3*d, u = 3*l - 8*d + 4*d. List the prime factors of l.
2, 23
Let h = 3 - -68. Let c = 227 - h. List the prime factors of c.
2, 3, 13
Let k be (-9)/((-36)/(-8)) + (-4)/(-1). Suppose -318 - 46 = -k*s. Suppose 0 = 7*w - s - 105. What are the prime factors of w?
41
Let u(t) = 3*t**3 + 13*t**2 - 7*t + 8. Let c(m) = 6*m**3 + 24*m**2 - 14*m + 15. Let b(o) = 3*c(o) - 5*u(o). What are the prime factors of b(4)?
281
Let y(f) = 1269*f**3 - 13*f**2 + 5*f**2 + 40 + 18*f - 1268*f**3. What are the prime factors of y(14)?
2, 367
Let s(u) = 47*u**3 + 2*u**2 - 8*u + 3. Let f be s(3). Suppose -318 - f = -4*p. List the prime factors of p.
2, 3, 11
Let p(m) = 35*m**2 - 7*m + 18. Let l be p(10). Suppose -3*i + 2068 = -v, -3*i = -8*i + v + l. List the prime factors of i.
2, 3, 5, 23
Let p be 49/7 + -6 - -9. What are the prime factors of 43005/25 + 18/p?
2, 3, 7, 41
Let b be (-14)/8 + (-255070)/184. Let a = -478 - b. What are the prime factors of a?
2, 5, 7, 13
What are the prime factors of 2 + (-90966)/(27/24*(-32)/24)?
2, 30323
Let m(z) = 298*z - 12627. List the prime factors of m(114).
3, 5, 1423
Let x(b) = b**3 + 26*b**2 - 28*b - 19. Let d be x(-27). Suppose -4*g = -j + 1689, 4*j + 6726 = d*j - g. What are the prime factors of j?
41
Suppose -5 + 4 = g - m, -3*g = -m - 5. Suppose 0 = -4*o + 16, -4*o + 259 = -g*i - 0*o. Let l = i + 178. List the prime factors of l.
97
Let t(q) = -q**2 - 19*q + 53. Let x be t(3). What are the prime factors of -1*1*(x - -10 - 847)?
2, 5, 17
Let y = -1576 + 4791. List the prime factors of y.
5, 643
Suppose -2*z + g = -19, 3*z + 9*g - 27 = 12*g. List the prime factors of ((-23328)/(-120))/(4/z).
2, 3
Let m be ((-4)/3)/(14/(-21)). Suppose m*j - 6 = l, 2*l + j + 16 = 6*j. Suppose 0 = 4*i - 3*v - 668, -l*i - 59 + 393 = 2*v. What are the prime factors of i?
167
Let l(r) = 482*r**2 + 11*r - 10. Suppose 2932 - 2938 = -6*v. List the prime factors of l(v).
3, 7, 23
Let k = 15728 - 14940. List the prime factors of k.
2, 197
Let f be (((-18)/(-4))/(-9))/(1/1606). Let r = -370 - f. Let n = r - 270. List the prime factors of n.
163
Suppose -4*l + 1044 + 440 = 0. Suppose 375*h - 432 = l*h. List the prime factors of h.
2, 3
Let b(q) = 596*q - 2108. List the prime factors of b(49).
2, 3, 1129
Let o be 280/50 + 2 + 39/(-15). Suppose -s = o - 2303. What are the prime factors of (-5)/((-120)/s) + 1/4?
2, 3
Suppose -145559 - 3499 = -3*w. Suppose 19266 = -18*a + w. List the prime factors of a.
2, 5, 13
Suppose -2*j + 9336 = 4*q, q + 506 - 2851 = 5*j. Let r = q - 1346. What are the prime factors of r?
23, 43
Let f = 787 - 609. Suppose 0 = -0*h - 3*h - 189. Let c = f + h. List the prime factors of c.
5, 23
Let n(o) = 2*o**2 + 19*o - 29. Let j be (-105)/(-11) - 54/99. List the prime factors of n(j).
2, 19
Let h be (-1264 - (-54)/(-9)) + 6. Let f = 2785 + h. What are the prime factors of f?
3, 13
Let n(r) be the third derivative of 7*r**5/60 + 13*r**4/12 - 59*r**3/2 - 81*r**2 + r. List the prime factors of n(10).
3, 29
Let g(b) = 12*b + 61. Let f(k) = k**3 - 4*k**2 - 9*k - 13. Let o be f(6). List the prime factors of g(o).
11
Suppose -4*a + 6 = -a. Suppose 3*c + 0*y = a*y + 695, 2*c - 2*y = 466. Suppose -5*l + c = 2*u, -5*u - 261 = l - 845. List the prime factors of u.
3, 13
Let n = 1875 - 1110. List the prime factors of 10*3*(-10)/((-250)/n).
2, 3, 17
Suppose 4*a + 13052 = 4*z, 16*z - 2*a + 9764 = 19*z. List the prime factors of z.
2, 3, 181
Let w(b) = 17 - 6*b + b**2 + 2*b + 13 - 4*b. List the prime factors of w(-16).
2, 3, 23
Let d = 40 - 35. Let q(f) = -23*f - 29. Let j be q(d). Let y = j - -222. What are the prime factors of y?
2, 3, 13
Suppose 0 = -3*i - q + 15, q = 5*i - 25 - 0. Suppose -i*z + 482 = 22. List the prime factors of -2 + 0 + z + -1.
89
Let y = 248 + -242. Let r(q) = q**3 + 2*q**2 - q + 4. What are the prime factors of r(y)?
2, 11, 13
Suppose -2*r = 5*z + 129, 5*z - 3*r = -0 - 144. What are the prime factors of 1444/((-6)/z*9)?
2, 19
What are the prime factors of (-520900)/700*7*-1?
5209
Let s = -620 + 1055. Suppose s = 4*y - m, -3*y + 213 = -y + m. What are the prime factors of 2/(-12) - (-6714)/y?
2, 31
Suppose -213911 + 693431 = 147*u - 110*u. List the prime factors of u.
2, 3, 5
List the prime factors of (9/(-234)*-13)/((-1)/(-19002)).
3, 3167
Suppose 3710510 = 75*k - 579115. List the prime factors of k.
3, 5, 31, 41
Suppose 2 = -2*w, 3*w = -2*t + 2633 + 9274. List the prime factors of t.
3, 5, 397
Suppose 0 = 14*z - 19*z + 140. Let s = z - 43. Let r = s + 60. List the prime factors of r.
3, 5
Let l = 134349 + -81766. List the prime factors of l.
52583
Let b(j) = j**3 + 14*j**2 + 18*j + 12. Let g be -6 - (-4)/8*-4. What are the prime factors of b(g)?
2, 3, 7
Suppose 2*f + 2 = 2*z + 4, 2*z + 2 = -f. Suppose -3*c + 8*c - 5 = f, 4*c + 64 = d. What are the prime factors of d?
2, 17
Suppose -44*t + 1978966 + 256636 = 53686. What are the prime factors of t?
17, 2917
Let z = -188 + 192. Suppose 3*q - h - 378 = -4*h, z*q - 495 = 5*h. What are the prime factors of q?
5
Suppose -6*n - 16 + 34 = 0. Suppose 5*u - 1806 = 4*r, -u - 4*r + n*r + 354 = 0. What are the prime factors of u?
2, 179
Suppose 140*w - 116*w = 56592. What are the prime factors of w?
2, 3, 131
Let n(u) = 658*u + 2465. List the prime factors of n(-3).
491
Let t(p) be the third derivative of p**5/30 + p**4/8 - 23*p**3/6 + 573*p**2. Let i = 4 - -5. List the prime factors of t(i).
2, 83
Let m = -3303 + 11208. List the prime factors of m.
3, 5, 17, 31
Suppose -328 = -7*r - r. Suppose 4*i - 5 + r = 0. What are the prime factors of 282/((-5)/(30/i))?
2, 47
Suppose -311*r - 13312 = -327*r. What are the prime factors of r?
2, 13
Suppose -23017 = -7*s + 5*s + 5*j, 4*s - 45998 = -2*j. List the prime factors of s.
7, 31, 53
Let b = -492 - 39. List the prime factors of (-237062)/b + 8/(-18).
2, 223
Let i = 12481 - 6388. List the prime factors of i.
3, 677
Let j be (-20)/4*(-21)/(-5)*-4. Suppose -l + j - 76 = 0. Suppose 3*x = l*x - 580. What are the prime factors of x?
2, 29
Let g(q) = 7*q - 58. Let y be g(8). List the prime factors of (117/y)/((-20)/40).
3, 13
Let h(a) = 43*a**2 - 9*a + 9. Let n(y) = -y**2 + 9*y - 17. Let g be n(4). List the prime factors of h(g).
3, 41
Let w(j) = 71*j**2 - 26*j + 3. What are the prime factors of w(12)?
3, 5, 661
Let p(b) = 20*b**2 - 72*b + 26. What are the prime factors of p(11)?
2, 827
Let c(n) = -164*n - 120. List the prime factors of c(-24).
2, 3, 53
Let y = 6602 - -9093. List the prime factors of y.
5, 43, 73
Let b(l) = -l**2 + 15*l + 44. Let i be (-1)/2 + (-899)/(-58). What are the prime factors of b(i)?
2, 11
Let r = 312 - 302. Suppose r*u + u = 4400. What are the prime factors of u?
2, 5
Suppose 82*i + 57*i = 24*i + 4149430. What are the prime factors of i?
2, 18041
Let j = 6620 - -344. Suppose 22*f - 230 - j = 0. What are the prime factors of f?
3, 109
Suppose 0 = -27*j - 1 - 26. List the prime factors of (-6 - (-4 - j))*(-1 + -8).
3
Let p = 27448 + -13019. What are the prime factors of p?
47, 307
Let f(l) = -8*l**2 - 6*l + 2. Let a be f(2). Let p be 2/3 - (-280)/a. List the prime factors of 242/5 + -3 + p/(-10).
2, 23
Let l be ((32/(-80))/((-1)/4055))/(-2). Let b = l - -1923. List the prime factors of b.
2, 139
Suppose t - 1973 = 3*c + 4304, -5*c = 0. List the prime factors of t.
6277
Let o(m) = -66*m**3 - 10*m**2 - 17*m + 1. Suppose -11*z - 7*z = 36. List the prime factors of o(z).
523
Let w(m) = 40*m + 1844. List the prime factors of w(12).
2, 7, 83
Let r(a) = -9 + 7 - 12 - 11*a. Let v be r(-5). Let t = 64 - v. List the prime factors of t.
23
Let u(x) = -x**3 - 19*x**2 - 19*x - 17. Let m be u(-18). What are the prime factors of 185 - (-2 - -3)/m?
2, 23
Suppose -31*v = -4*z - 36*v + 34507, 0 = -z - 5*v + 8608. List the prime factors of z.
89, 97
Let v(p) = 11*p - 23. Let i be (6/(-12))/(2/4). Let s(w) = -1. Let b(n) = i*v(n) - 2*s(n). List the prime factors of b(-8).
113
Let q(h) = -2*h - 8. Let a be (6/9)/((-2)/18). Let x be q(a). List the prime factors of (-303)/(-3) + x*(